What is the remainder when 56 is divided by 32?
24
Calculate the remainder when 468 is divided by 39.
0
Calculate the remainder when 77 is divided by 31.
15
What is the remainder when 4987 is divided by 106?
5
Calculate the remainder when 3339 is divided by 1648.
43
What is the remainder when 3408 is divided by 846?
24
Calculate the remainder when 133 is divided by 54.
25
What is the remainder when 77 is divided by 30?
17
Calculate the remainder when 22 is divided by 3.
1
What is the remainder when 46 is divided by 28?
18
What is the remainder when 339 is divided by 122?
95
What is the remainder when 2931 is divided by 92?
79
Calculate the remainder when 12 is divided by 4.
0
Calculate the remainder when 165 is divided by 86.
79
Calculate the remainder when 86 is divided by 12.
2
Calculate the remainder when 2062 is divided by 146.
18
Calculate the remainder when 773 is divided by 4.
1
Calculate the remainder when 3088 is divided by 182.
176
Calculate the remainder when 1293 is divided by 282.
165
Calculate the remainder when 2054 is divided by 1017.
20
What is the remainder when 2114 is divided by 45?
44
Calculate the remainder when 1044 is divided by 209.
208
Calculate the remainder when 12870 is divided by 677.
7
What is the remainder when 944 is divided by 43?
41
What is the remainder when 170 is divided by 29?
25
What is the remainder when 6137 is divided by 1227?
2
What is the remainder when 1633 is divided by 240?
193
Calculate the remainder when 356 is divided by 121.
114
Calculate the remainder when 21 is divided by 2.
1
Calculate the remainder when 905 is divided by 35.
30
What is the remainder when 406 is divided by 8?
6
Calculate the remainder when 566 is divided by 541.
25
Calculate the remainder when 318 is divided by 162.
156
What is the remainder when 634 is divided by 91?
88
Calculate the remainder when 50 is divided by 28.
22
What is the remainder when 245 is divided by 72?
29
Calculate the remainder when 4867 is divided by 695.
2
What is the remainder when 487 is divided by 16?
7
What is the remainder when 35 is divided by 3?
2
What is the remainder when 312 is divided by 100?
12
Calculate the remainder when 502 is divided by 42.
40
Calculate the remainder when 11014 is divided by 26.
16
What is the remainder when 562 is divided by 50?
12
Calculate the remainder when 127 is divided by 44.
39
What is the remainder when 416 is divided by 8?
0
Calculate the remainder when 770 is divided by 305.
160
Calculate the remainder when 108 is divided by 23.
16
What is the remainder when 24108 is divided by 176?
172
Calculate the remainder when 178 is divided by 35.
3
Calculate the remainder when 55 is divided by 24.
7
Calculate the remainder when 163 is divided by 41.
40
Calculate the remainder when 617 is divided by 120.
17
Calculate the remainder when 197 is divided by 68.
61
Calculate the remainder when 143 is divided by 37.
32
What is the remainder when 391 is divided by 14?
13
What is the remainder when 91 is divided by 12?
7
What is the remainder when 141 is divided by 13?
11
What is the remainder when 278 is divided by 28?
26
Calculate the remainder when 13499 is divided by 150.
149
Calculate the remainder when 198 is divided by 40.
38
What is the remainder when 7683 is divided by 124?
119
Calculate the remainder when 243 is divided by 85.
73
Calculate the remainder when 80 is divided by 17.
12
What is the remainder when 3277 is divided by 17?
13
What is the remainder when 878 is divided by 13?
7
What is the remainder when 690 is divided by 62?
8
What is the remainder when 717 is divided by 18?
15
Calculate the remainder when 189 is divided by 12.
9
Calculate the remainder when 1413 is divided by 287.
265
What is the remainder when 1608 is divided by 98?
40
Calculate the remainder when 151 is divided by 26.
21
Calculate the remainder when 512 is divided by 249.
14
What is the remainder when 98 is divided by 23?
6
What is the remainder when 1484 is divided by 188?
168
What is the remainder when 495 is divided by 100?
95
Calculate the remainder when 12335 is divided by 13.
11
What is the remainder when 1591 is divided by 16?
7
What is the remainder when 104 is divided by 15?
14
Calculate the remainder when 404 is divided by 128.
20
Calculate the remainder when 323 is divided by 13.
11
What is the remainder when 710 is divided by 9?
8
What is the remainder when 265 is divided by 121?
23
What is the remainder when 133 is divided by 17?
14
What is the remainder when 236 is divided by 72?
20
Calculate the remainder when 1267 is divided by 23.
2
What is the remainder when 148 is divided by 51?
46
What is the remainder when 465 is divided by 118?
111
What is the remainder when 722 is divided by 29?
26
Calculate the remainder when 173 is divided by 8.
5
What is the remainder when 254 is divided by 20?
14
Calculate the remainder when 18 is divided by 10.
8
Calculate the remainder when 1117 is divided by 140.
137
Calculate the remainder when 4887 is divided by 977.
2
What is the remainder when 6038 is divided by 183?
182
What is the remainder when 136 is divided by 4?
0
What is the remainder when 3356 is divided by 23?
21
Calculate the remainder when 522 is divided by 88.
82
Calculate the remainder when 72 is divided by 50.
22
Calculate the remainder when 74 is divided by 41.
33
What is the remainder when 10785 is divided by 161?
159
What is the remainder when 588 is divided by 50?
38
What is the remainder when 9304 is divided by 198?
196
Calculate the remainder when 472 is divided by 47.
2
Calculate the remainder when 3363 is divided by 91.
87
Calculate the remainder when 93 is divided by 35.
23
Calculate the remainder when 300 is divided by 109.
82
Calculate the remainder when 619 is divided by 16.
11
Calculate the remainder when 4156 is divided by 11.
9
What is the remainder when 4555 is divided by 152?
147
What is the remainder when 222 is divided by 56?
54
Calculate the remainder when 54 is divided by 11.
10
Calculate the remainder when 276 is divided by 152.
124
What is the remainder when 369 is divided by 122?
3
Calculate the remainder when 2793 is divided by 35.
28
What is the remainder when 316 is divided by 4?
0
Calculate the remainder when 2295 is divided by 1141.
13
Calculate the remainder when 90 is divided by 76.
14
What is the remainder when 5466 is divided by 71?
70
Calculate the remainder when 756 is divided by 273.
210
Calculate the remainder when 164 is divided by 21.
17
What is the remainder when 235 is divided by 112?
11
What is the remainder when 632 is divided by 42?
2
Calculate the remainder when 712 is divided by 13.
10
Calculate the remainder when 767 is divided by 16.
15
What is the remainder when 12335 is divided by 18?
5
What is the remainder when 5158 is divided by 7?
6
Calculate the remainder when 369 is divided by 134.
101
Calculate the remainder when 570 is divided by 57.
0
Calculate the remainder when 2718 is divided by 454.
448
Calculate the remainder when 186 is divided by 27.
24
What is the remainder when 783 is divided by 257?
12
What is the remainder when 581 is divided by 53?
51
Calculate the remainder when 2021 is divided by 48.
5
Calculate the remainder when 388 is divided by 376.
12
Calculate the remainder when 1 is divided by 1.
0
Calculate the remainder when 404 is divided by 34.
30
What is the remainder when 506 is divided by 35?
16
Calculate the remainder when 55 is divided by 28.
27
Calculate the remainder when 2433 is divided by 57.
39
What is the remainder when 3690 is divided by 71?
69
What is the remainder when 53 is divided by 39?
14
What is the remainder when 988 is divided by 11?
9
What is the remainder when 1515 is divided by 1502?
13
Calculate the remainder when 130 is divided by 30.
10
What is the remainder when 5147 is divided by 99?
98
What is the remainder when 151 is divided by 76?
75
What is the remainder when 245 is divided by 61?
1
Calculate the remainder when 5418 is divided by 139.
136
What is the remainder when 977 is divided by 9?
5
What is the remainder when 329 is divided by 151?
27
What is the remainder when 209 is divided by 24?
17
Calculate the remainder when 802 is divided by 30.
22
What is the remainder when 1931 is divided by 326?
301
What is the remainder whe